 to base 12
-4b
What is -110 (base 5) in base 11?
-28
-10 (base 4) to base 10
-4
What is 1 (base 14) in base 9?
1
54 (base 14) to base 11
68
What is 4 (base 12) in base 11?
4
Convert 26 (base 7) to base 5.
40
What is -12002 (base 3) in base 2?
-10001001
1bc (base 13) to base 15
169
Convert -61 (base 9) to base 10.
-55
Convert 3 (base 13) to base 3.
10
Convert -321 (base 5) to base 13.
-68
Convert 11 (base 3) to base 8.
4
What is 32 (base 7) in base 5?
43
What is -5 (base 6) in base 13?
-5
Convert 1020 (base 4) to base 11.
66
What is -2 (base 4) in base 9?
-2
What is 3 (base 11) in base 9?
3
Convert 3 (base 8) to base 13.
3
Convert 103 (base 5) to base 12.
24
-2 (base 9) to base 10
-2
Convert -546 (base 8) to base 13.
-217
What is -3 (base 10) in base 2?
-11
13 (base 14) to base 3
122
Convert -20220 (base 3) to base 15.
-c6
Convert 21 (base 15) to base 5.
111
What is -9 (base 15) in base 13?
-9
Convert -55 (base 6) to base 7.
-50
What is -22 (base 11) in base 16?
-18
c (base 13) to base 12
10
What is 1 (base 13) in base 11?
1
32 (base 11) to base 7
50
431 (base 5) to base 3
11022
Convert -1 (base 8) to base 14.
-1
-1110111 (base 2) to base 15
-7e
Convert -112 (base 6) to base 16.
-2c
What is 0 (base 2) in base 16?
0
1011000 (base 2) to base 6
224
What is -14 (base 11) in base 8?
-17
Convert -13 (base 5) to base 11.
-8
What is 13 (base 9) in base 7?
15
What is 3 (base 14) in base 12?
3
2 (base 6) to base 14
2
What is 4 (base 12) in base 10?
4
Convert -7 (base 11) to base 14.
-7
What is 140 (base 5) in base 2?
101101
What is -374 (base 9) in base 10?
-310
-3 (base 8) to base 9
-3
Convert 101101100 (base 2) to base 14.
1c0
What is -79 (base 14) in base 2?
-1101011
What is 3 (base 11) in base 16?
3
What is -1 (base 8) in base 7?
-1
Convert 2 (base 10) to base 2.
10
cb (base 16) to base 12
14b
Convert 225 (base 11) to base 2.
100001101
-21 (base 7) to base 16
-f
Convert 0 (base 13) to base 10.
0
What is 2021 (base 5) in base 9?
320
What is -11 (base 2) in base 11?
-3
Convert -12 (base 4) to base 12.
-6
-1 (base 10) to base 15
-1
What is 7 (base 9) in base 13?
7
155 (base 9) to base 6
335
10001001 (base 2) to base 12
b5
What is -18 (base 14) in base 13?
-19
What is 3 (base 14) in base 5?
3
Convert -4 (base 5) to base 4.
-10
Convert 50 (base 9) to base 15.
30
-2 (base 13) to base 5
-2
Convert -5 (base 16) to base 6.
-5
What is -4 (base 10) in base 16?
-4
Convert -1 (base 8) to base 6.
-1
1001 (base 2) to base 4
21
What is 163 (base 7) in base 12?
7a
11 (base 6) to base 3
21
2 (base 3) to base 11
2
11000 (base 3) to base 9
130
7 (base 13) to base 3
21
What is 2 (base 12) in base 2?
10
What is -2 (base 10) in base 9?
-2
What is -32 (base 16) in base 14?
-38
-74 (base 15) to base 4
-1231
What is 22 (base 7) in base 11?
15
Convert 5b (base 16) to base 15.
61
What is 0 (base 8) in base 13?
0
Convert -53 (base 8) to base 11.
-3a
Convert 109 (base 15) to base 5.
1414
Convert 1001010 (base 2) to base 12.
62
21 (base 3) to base 5
12
What is -2 (base 11) in base 15?
-2
153 (base 7) to base 13
69
-2 (base 11) to base 13
-2
Convert -2111 (base 3) to base 6.
-151
What is -1 (base 15) in base 13?
-1
26 (base 8) to base 12
1a
What is 14 (base 15) in base 3?
201
What is -13 (base 6) in base 9?
-10
What is -174 (base 11) in base 5?
-1302
Convert 10231 (base 4) to base 15.
151
Convert 400 (base 8) to base 4.
10000
What is 0 (base 9) in base 14?
0
-7 (base 15) to base 9
-7
Convert -100 (base 3) to base 11.
-9
202 (base 6) to base 7
134
What is 12 (base 7) in base 12?
9
What is 11 (base 8) in base 7?
12
What is -51 (base 11) in base 2?
-111000
Convert -3 (base 15) to base 11.
-3
What is 1 (base 15) in base 8?
1
What is 112 (base 12) in base 13?
c2
7 (base 13) to base 9
7
Convert 46 (base 12) to base 14.
3c
Convert 111 (base 9) to base 10.
91
What is -24 (base 12) in base 2?
-11100
Convert -7 (base 9) to base 15.
-7
What is 0 (base 14) in base 4?
0
-111 (base 2) to base 11
-7
2 (base 13) to base 9
2
What is -114 (base 6) in base 10?
-46
1230 (base 4) to base 3
11000
b (base 13) to base 7
14
-55 (base 15) to base 2
-1010000
Convert 12 (base 6) to base 8.
10
-3a (base 15) to base 6
-131
What is -4 (base 11) in base 15?
-4
What is -11 (base 16) in base 7?
-23
What is 23 (base 14) in base 5?
111
Convert 0 (base 2) to base 12.
0
Convert 37 (base 15) to base 12.
44
b (base 13) to base 10
11
-1122 (base 4) to base 6
-230
What is 78 (base 11) in base 3?
10011
What is -a (base 16) in base 8?
-12
What is 2 (base 12) in base 6?
2
What is 10 (base 8) in base 12?
8
-114 (base 11) to base 7
-253
What is -49 (base 15) in base 16?
-45
18 (base 16) to base 11
22
Convert -7 (base 15) to base 9.
-7
Convert -67 (base 9) to base 14.
-45
What is -63 (base 11) in base 16?
-45
110 (base 2) to base 8
6
-120 (base 8) to base 4
-1100
Convert -e (base 16) to base 3.
-112
What is -1014 (base 6) in base 16?
-e2
Convert -14 (base 6) to base 3.
-101
What is -4 (base 16) in base 12?
-4
Convert b (base 14) to base 5.
21
What is -1 (base 6) in base 12?
-1
What is 63 (base 14) in base 11?
7a
-1 (base 12) to base 15
-1
What is 10111 (base 2) in base 11?
21
What is 0 (base 12) in base 3?
0
3 (base 15) to base 9
3
0 (base 4) to base 3
0
22 (base 8) to base 4
102
What is 3020 (base 5) in base 9?
467
1 (base 13) to base 5
1
Convert 20 (base 9) to base 12.
16
-2 (base 11) to base 8
-2
-10 (base 12) to base 10
-12
What is -20 (base 5) in base 9?
-11
Convert -4 (base 10) to base 12.
-4
5 (base 8) to base 9
5
What is 165 (base 8) in base 10?
117
45 (base 8) to base 10
37
Convert 1 (base 16) to base 11.
1
What is 230 (base 5) in base 16?
41
10 (base 3) to base 4
3
Convert 3 (base 13) to base 15.
3
What is 221 (base 4) in base 13?
32
Convert 11111 (base 2) to base 15.
21
What is 18 (base 11) in base 14?
15
What is 20 (base 4) in base 10?
8
-1 (base 9) to base 5
-1
What is 6 (base 16) in base 7?
6
What is 104 (base 6) in base 14?
2c
Convert -3 (base 12) to base 3.
-10
-34 (base 11) to base 7
-52
Convert 3 (base 14) to base 9.
3
158 (base 11) to base 10
184
-1a (base 16) to base 15
-1b
Convert -3 (base 12) to base 15.
-3
What is -9 (base 14) in base 3?
-100
Convert -2 (base 8) to base 9.
-2
What is -25 (base 13) in base 10?
-31
Convert -37 (base 12) to base 6.
-111
Convert -145 (base 7) to base 9.
-101
-1 (base 2) to base 14
-1
1 (base 10) to base 13
1
What is 2 (base 5) in base 2?
10
-12121 (base 3) to base 15
-a1
Convert -401 (base 5) to base 10.
-101
-11001111 (base 2) to base 16
-cf
What is 30 (base 13) in base 16?
27
What is -5 (base 11) in base 14?
-5
Convert 14 (base 5) to base 16.
9
What is -23 (base 4) in base 13?
-b
Convert 1 (base 13) to base 10.
1
Convert -12 (base 6) to base 13.
-8
Convert 25 (base 9) to base 2.
10111
What is 3 (base 13) in base 6?
3
What is -b (base 14) in base 15?
-b
Convert 11201 (base 3) to base 12.
a7
68 (base 9) to base 12
52
Convert -5 (base 7) to base 13.
-5
10001 (base 2) to base 5
32
-1001110 (base 2) to base 15
-53
-8 (base 9) to base 7
-11
-37 (base 12) to base 11
-3a
What is -32 (base 12) in base 11?
-35
1 (base 13) to base 9
1
What is 10 (base 9) in base 5?
14
Convert 210 (base 3) to base 2.
10101
Convert -15 (base 15) to base 10.
-20
Convert -220 (base 4) to base 3.
-1111
Convert 63 (base 8) to base 3.
1220
Convert 2 (base 6) to base 10.
2
-101 (base 2) to base 5
-10
2 (base 5) to base 14
2
Convert 13 (base 6) to base 2.
1001
-1121 (base 3) to base 14
-31
What is 3 (base 4) in base 16?
3
Convert -130 (base 6) to base 2.
-110110
-3 (base 7) to base 16
-3
-5 (base 8) to base 10
-5
Convert -9 (base 10) to base 2.
-1001
What is 2 (base 12) in base 15?
2
What is 10 (base 3) in base 13?
3
Convert -6 (base 10) to base 5.
-11
10 (base 8) to base 2
1000
Convert -2 (base 5) to base 8.
-2
-111 (base 4) to base 7
-30
What is -2 (base 13) in base 10?
-2
What is -1111 (base 4) in base 10?
-85
-50 (base 7) to base 10
-35
What is 51 (base 16) in base 2?
1010001
What is 12 (base 3) in base 2?
101
What is -12 (base 5) in base 16?
-7
What is 1 (base 8) in base 4?
1
What is b (base 16) in base 4?
23
Convert 14 (base 5) to base 10.
9
-5 (base 15) to base 13
-5
What is 64 (base 9) in base 13?
46
What is -1 (base 8) in base 7?
-1
5a (base 15) to base 10
85
What is -46 (base 13) in base 3?
-201